ative of 3*a + 1/60*a**5 + 0 + 3/8*a**4 + 2/3*a**3 - 13*a**2. Calculate n(-8).
-4
Let f(n) = n - 13. Let b = 24 + -11. Suppose -5*u + 25 = 5*w, -12*w + 2*u = -8*w - 2. Suppose l + o - 10 = 0, -w*o + 3 = -3*l + b. Determine f(l).
-7
Let f(h) = 2*h + 14. Let b(y) = y**2 - 2*y - 21. Let w be (-4)/(-18) - (-473)/99. Let r be b(w). Calculate f(r).
2
Let f(x) be the third derivative of 11*x**4/24 - 5*x**3 + 40*x**2 - 11. What is f(-8)?
-118
Let i(b) be the third derivative of -b**6/120 + 2*b**5/15 + b**4/4 - b**3/2 - 2*b**2 + 3*b - 670. What is i(5)?
102
Let f(i) = i**3 - i**2 - 11. Suppose -12 = 26*d - 21*d - 4*w, -3*w = 5*d - 9. Give f(d).
-11
Let t be (-4)/1*(20/(-8) + 3). Let l(i) be the first derivative of 3*i - 1/3*i**3 + 2*i**2 + 13. What is l(t)?
-9
Let x(u) be the second derivative of 4*u**3/3 + u**2 + 1086*u. Calculate x(7).
58
Suppose 7*a = 3*x + 9*a - 6, -3*x + 5*a = 15. Let m(p) = -3*p**2 + p + 3. Give m(x).
3
Let y be (-484)/(-164) + (24 - (-87398)/(-3649)). Let j = 16 - 10. Let z(b) = 2*b**2 + j - 2 - b**2 - 3*b. What is z(y)?
4
Let f(q) be the third derivative of q**5/40 + q**4/8 - 93*q**3/2 + 3*q**2 - 15*q. Let o(b) be the first derivative of f(b). Give o(-4).
-9
Suppose 0 = -4*w + 5*y + 33, 5*w + 21*y = 16*y - 15. Let n(l) = 1 - 20*l**3 + 5*l + 2*l**w - 3*l**2 + 0*l - 4*l. Calculate n(-1).
19
Let s = 463 - 457. Let u(y) = 9*y - 2 - 8*y**2 + 23*y**2 - 10*y**2 - 7*y**2. Give u(s).
-20
Let p(r) = 278*r - 1125. Let w(s) = -175*s + 750. Let g(t) = -5*p(t) - 8*w(t). Give g(37).
-5
Let g(s) be the third derivative of -s**4/12 + 14*s**3/3 + 45*s**2. Let b be g(11). Let k(u) = 4*u - 22. Determine k(b).
2
Let g(v) = -1233*v**2 + 1242*v**2 - 9 + 52*v**3 - 51*v**3 - 11*v. Determine g(-10).
1
Let z(x) be the first derivative of -x**2/2 + 8*x - 2245. Let f(w) be the first derivative of w**4/4 + w**3 - w**2/2 + 2. Let b be f(-2). Give z(b).
2
Let j(h) be the third derivative of -3*h**4/8 + 8*h**3/3 + 44*h**2 - 11*h - 2. What is j(-1)?
25
Let b = -12135 + 12169. Let d(w) = -w**2 + 37*w - 105. Calculate d(b).
-3
Let k(c) = -c + 1333 - 673 + 0*c**2 - 3*c**2 - 658. Suppose -3*j = -6*j + 6. Calculate k(j).
-12
Let d = -76 - -72. Let r be (d/(-3))/((-5)/(-15)). Suppose 2*g - 4*l - 10 = 0, -r*l = -4*g - l + 35. Let f(a) = -a + 11. Calculate f(g).
0
Let s(m) = -15*m**3 - m**2 + m - 1. Let d = -13 + 30. Let t(v) = -2*v + 42. Let f be t(13). Let j = d - f. Calculate s(j).
-16
Let c = 10 - 14. Let s be (-15)/(-30) + 18/c*-1. Let b(p) be the third derivative of p**5/60 - p**4/12 - 2*p**3/3 - 3*p**2. Calculate b(s).
11
Let q(r) be the second derivative of -r**6/360 - r**5/24 - r**4/12 + 65*r**3/2 + 57*r - 1. Let o(k) be the second derivative of q(k). Determine o(-4).
2
Let c(f) = f**3 + 8*f**2 - 20*f - 3. Let s be c(-10). Let v(h) = -14*h + 12. Let r(j) = 9*j - 11. Let u(n) = s*r(n) - 2*v(n). Calculate u(0).
9
Let z(g) = g**3 + 7*g**2 - 12*g + 20. Suppose 644*s - 2*h - 18 = 646*s, s = 3*h - 9. What is z(s)?
-34
Let c(s) = -19*s + 6. Let i be -2*3/1 - (-22 + 19). Let t(m) = 250*m - 80. Let n(x) = i*t(x) - 40*c(x). Determine n(2).
20
Let y = -32 + 32. Suppose y = -2*q - 10 + 48. Let o(d) = -d**3 + 19*d**2 - d + 26. Let j be o(q). Let i(f) = -2*f + 9. Calculate i(j).
-5
Let p(u) = -806*u**3 - 23*u**2 + 64*u + 14. Let m(r) = 112*r**3 + 3*r**2 - 9*r - 2. Let l(n) = -36*m(n) - 5*p(n). Suppose 16 - 4 = 3*t. Determine l(t).
2
Let p(j) be the second derivative of -3*j**5/10 + j**4/4 - 7*j**3/6 + 3*j**2 - 864*j + 1. Determine p(1).
-4
Let u be 1/(-1 + -8) + 790/711. Let q(d) = -d**2 + d + 1. Let l(g) = -3*g**2 + 2*g + 6. Let i(t) = u*l(t) - 2*q(t). What is i(4)?
-12
Let c(x) = -4*x + 66. Let t be c(14). Suppose t*a - 46 = -16. Let l(p) be the first derivative of -p**2/2 - 1. What is l(a)?
-3
Let k(y) = y**3 + 5*y**2 - 2*y + 4. Let u(z) = -z**3 + 8*z**2 - 9*z - 13. Let t be u(6). Suppose -2*h + 4*r - 11 = 9, t*h = 4*r - 32. Give k(h).
28
Let j be (5 + -3)*(1 - 5/(-5)). Suppose -4*o + 16 = j*o. Let g(i) = -2*i**2 - i - 1. Give g(o).
-11
Let r be (8/64)/(2/8)*10. Let q(p) = 3*p**3 + 26*p**2 - 29*p - 19. Let h(z) = z**3 + 13*z**2 - 14*z - 9. Let d(v) = r*h(v) - 2*q(v). Calculate d(12).
-7
Let u(b) be the third derivative of 7*b**4/24 + 13*b**3/6 + 3*b**2 + 112*b. Determine u(-3).
-8
Let c(p) be the second derivative of p**6/120 + p**5/20 - p**4/6 + p**3/2 - 5*p**2 - 134*p. Let a(t) be the first derivative of c(t). Calculate a(-4).
3
Let r(q) be the second derivative of q**8/6720 + q**7/420 + q**6/360 - q**5/30 + 15*q**4/4 - 74*q. Let w(l) be the third derivative of r(l). Calculate w(-5).
11
Let t be (-2)/4 + (-2)/(-4). Let x be 1 + -1 - (0 - t). Let i(h) = -h - 6*h**2 + 2*h**2 + 23*h**2 - 11*h**2 - 7*h**2. Determine i(x).
0
Let k(a) = 3*a**3 - 4*a**2 + 13*a + 5. Let m(w) = 7*w**3 - 11*w**2 + 30*w + 9. Let p(f) = 5*k(f) - 2*m(f). What is p(-3)?
-17
Let g(r) = -6*r. Let o(w) = 14*w**2 - 8*w - 11. Let h(l) = 5*l**2 - 2*l - 4. Let k(t) = -8*h(t) + 3*o(t). Let j = 3 + 1. Let y be k(j). Give g(y).
6
Let b be (-1 + -1)/((-2)/6). Let h(l) = -l**3 + 0*l - 8 + 3*l + 20812*l**2 - 41619*l**2 + 20812*l**2 + 5*l. Determine h(b).
4
Suppose 21*o = 98*o. Let u(h) be the third derivative of 0*h - h**2 + 1/20*h**5 - 1/3*h**3 + o*h**4 - 1/120*h**6 + 0. Give u(2).
2
Let f(n) = -n**2 + 3*n - 3. Let p = -2731 + 2733. What is f(p)?
-1
Let y = 96 + -178. Let f = -76 - y. Let u(m) = -2*m + 11 - f*m + 7*m. Calculate u(8).
3
Let u(b) = -b**2 - b + 111. Let s(v) = 23*v**2 - 487*v + 73. Let d be s(21). Calculate u(d).
1
Let c(z) = 3*z**3 - 10*z**2 + 4*z + 5. Let g(t) = 2*t**2 - t - 1. Let u(w) = c(w) + 4*g(w). Let n be (-15)/(-10)*(-2 - 30/(-9)). What is u(n)?
17
Let j(a) = -29*a**2 - 1485*a + 21. Let t(b) = -4*b**2 - 212*b + 3. Let l(x) = 3*j(x) - 22*t(x). Calculate l(0).
-3
Let t be -1 - (-4 + 1)*3. Suppose -130 = 251*k - 277*k. Let q(d) = k - 5 + d - t*d**2. What is q(1)?
-7
Let m(w) = 30*w**3 + 4*w**2 + 2*w - 5. Let j(a) = a**2 + a - 2. Let l(h) = 2*j(h) - m(h). Suppose -5*s = 12*b - 11*b + 10, -b - 5 = 0. Calculate l(s).
29
Let p(d) = d**2 + 4*d + 4. Let g = 124 + 7. Let c(k) = -59 + g - k**3 + 4*k**2 - 66 + 3*k. Let m be c(5). Calculate p(m).
4
Let i(f) = -3*f**2 + 3*f + 3. Let r(t) be the third derivative of t**4/24 + t**3/6 + 3*t**2 + t. Let b(u) = -i(u) + 2*r(u). Determine b(-1).
3
Let s(u) be the second derivative of 0 - 2/3*u**3 - 57*u + 5/2*u**2. Give s(4).
-11
Let d = -5622 + 5628. Let u(q) = -64*q + 375. Determine u(d).
-9
Let q be -1*1 + 9 + -6. Suppose -q*i + 2 = -2*u, 0 = -5*i - u - 4*u - 35. Let j(l) = l**2 + 6*l + 4. What is j(i)?
-5
Let a(m) = -5*m - 9. Let h(o) = -2*o. Let t(u) = a(u) - 2*h(u). Let y(w) = -w**2 + 4*w - 2. Let p be y(5). Calculate t(p).
-2
Let r(o) be the first derivative of 65*o**3/3 + o**2 - o - 1421. What is r(1)?
66
Suppose -4*f - 3*n + 5 = 0, 37*n - 42*n = 5. Suppose t + 6 = 3*t - s, 5*t - f*s = 14. Let u(a) = -6*a + 7. Give u(t).
-5
Let c = 2 + 2. Let x be -7 - -16 - (1 - c). Suppose 0 = 3*f - 0*f - x. Let n(r) = r + 1. What is n(f)?
5
Let o be (2 + -3)/((-1)/(-3)). Suppose 0 = 7*x - 31*x + 216. Let w(h) = -4 - 19*h + 9*h + x*h + 2*h. Give w(o).
-7
Suppose -5*k + k = -8. Let t(w) = -44*w + 20. Let c(u) = -21*u + 9. Let p(f) = -7*c(f) + 3*t(f). Give p(k).
27
Let k(i) = -7 - 4 + 120*i - 237*i + 114*i. Suppose 3 = -3*j - 12. Calculate k(j).
4
Suppose -55 = 2*j + 3*j. Let z = j - -9. Let w(v) be the second derivative of v**5/20 + v**3/6 - v**2 - 1042*v. What is w(z)?
-12
Let i(j) = j**2 + 12*j + 10. Suppose -196*l - 30 = -206*l. Suppose -l*q - 4*c - 44 = q, -q - 11 = -3*c. Calculate i(q).
-1
Let p(z) be the third derivative of 0*z + 1/6*z**3 - 1/120*z**6 - 1/24*z**4 + 58*z**2 + 0 - 1/60*z**5. Calculate p(0).
1
Suppose -133 = 21*x - 133. Let v(o) be the third derivative of -11*o**2 - 1/24*o**4 + 0*o + x + 1/2*o**3. What is v(0)?
3
Let s(m) be the second derivative of -m**4/12 + m**2/2 - 10*m - 8. Suppose -10 = -2*q - 0*q. Suppose -3*z = 2*d - 3, q*z + 10 = 4*d - 7. Calculate s(z).
0
Let y(q) = 5*q + 6. Let o(m) = 9*m + 11. Let x be (0 + 14)/(5/(-2) - -3). Let d be (3/(-6)*-1)/((-2)/x). Let p(s) = d*y(s) + 4*o(s). What is p(2)?
4
Suppose 15 = 5*k - 15. Let m be (15/(-6))/((-3)/k). Let a(z) = 4*z + 219*z**2 + z - 5 + 0*z - 220*z**2. What is a(m)?
-5
Let v(q) = -